{"id":164,"date":"2025-09-15T10:22:42","date_gmt":"2025-09-15T08:22:42","guid":{"rendered":"https:\/\/oconnors.stage.dekodes.no\/jessheim\/?page_id=164"},"modified":"2025-10-16T14:29:01","modified_gmt":"2025-10-16T12:29:01","slug":"livemusikk","status":"publish","type":"page","link":"https:\/\/oconnors.stage.dekodes.no\/jessheim\/hva-skjer\/livemusikk\/","title":{"rendered":"Livemusikk"},"content":{"rendered":"\n\t<div style=\"--t2-hero-dim:0.5;\" class=\"t2-hero t2-hero-content-position-center-center t2-hero-has-dim-50 t2-hero-has-fullsize-image alignfull wp-block-t2-hero alignfull\">\n\t\t<img decoding=\"async\" width=\"973\" height=\"768\" src=\"https:\/\/resthon.stage.dekodes.no\/content\/uploads\/sites\/24\/2025\/10\/OConnors-Musikkbingo-Jessheim-1-1.jpg\" class=\"t2-hero__image\" alt=\"Musikkbingo p\u00e5 Jessheim.\" style=\"object-position: 88% 77%;\" loading=\"eager\" fetchpriority=\"high\" srcset=\"https:\/\/resthon.stage.dekodes.no\/content\/uploads\/sites\/24\/2025\/10\/OConnors-Musikkbingo-Jessheim-1-1.jpg 973w, https:\/\/resthon.stage.dekodes.no\/content\/uploads\/sites\/24\/2025\/10\/OConnors-Musikkbingo-Jessheim-1-1-300x237.jpg 300w, https:\/\/resthon.stage.dekodes.no\/content\/uploads\/sites\/24\/2025\/10\/OConnors-Musikkbingo-Jessheim-1-1-768x606.jpg 768w\" sizes=\"(max-width: 973px) 100vw, 973px\" \/>\n\t\t<div class=\"t2-hero__header\"><div class=\"t2-hero__header__content\">\n\n<h1 class=\"wp-block-heading alignwide has-text-align-center\" id=\"h-livemusikk\">Livemusikk<\/h1>\n\n\n\n<p>P\u00e5 O&#8217;Connor&#8217;s f\u00e5r du livemusikk hver fredag og l\u00f8rdag! <\/p>\n\n\n\n<div class=\"wp-block-buttons is-content-justification-center is-layout-flex wp-container-core-buttons-is-layout-a89b3969 wp-block-buttons-is-layout-flex\"><\/div>\n\n<\/div><\/div>\n\t<\/div>\n\n\n<h2 class=\"wp-block-heading\" id=\"h-livemusikk-i-jessheim-hver-fredag-og-lordag\">Livemusikk i Jessheim &#8211; hver fredag og l\u00f8rdag<\/h2>\n\n\n\n<p>Hver fredag og l\u00f8rdag, 22:00, spiller v\u00e5re trubadurer opp stemningen p\u00e5 Jessheim. Det er de beste trubadurene fra b\u00e5de inn og utland, og n\u00e5 kommer til til Jessheim og puben her. <\/p>\n\n\n\n<p>Det blir allsang, dansing og generelt god stemning. Vi gleder oss til \u00e5 se dere! <\/p>\n\n\n\n<p>For \u00e5 se hvilke andre arrangementer som skjer p\u00e5 O&#8217;Connor&#8217;s Jessheim, trykk <a href=\"https:\/\/oconnors.stage.dekodes.no\/jessheim\/hva-skjer\">her<\/a>. <\/p>\n\n\n\t<div class=\"resthon-events-query alignwide wp-block-resthon-events-query\" data-per-page=\"12\" data-post-type=\"post\" data-tags=\"[&quot;trubadur&quot;,&quot;livemusikk&quot;]\">\n\t\t\t\t\t\t<div class=\"t2-featured-content-layout alignwide alignwide wp-block-t2-featured-content-layout\">\n\t\t\t\t\t\t\t<div class=\"t2-featured-single-post t2-featured-content is-post-type-resthon_event wp-block-t2-featured-single-post\"><a class=\"t2-post-link wp-block-t2-post-link\" href=\"https:\/\/oconnors.stage.dekodes.no\/jessheim\/event\/livemusikk-ole-martin-vpfdgs33qm\/\">\n\t<div class=\"resthon-events-date wp-block-resthon-events-date\">\n\t\t<time datetime=\"2026-04-18T22:00:00\">\n\t\t\t<span>18<\/span>\n\t\t\t<span>apr<\/span>\n\t\t<\/time>\n\t<\/div>\n\t\n\n<figure style=\"--t2-focal-point: 50% 50%;\" class=\"t2-post-featured-image has-image-ratio-16-9 wp-block-t2-post-featured-image\">\t<img\n\t\talt=\"Livemusikk \/\/ Ole Martin\"\n\t\tloading=\"lazy\"\n\t\tsrc=\"https:\/\/img.broadcastapp.no\/venues\/event_ihV_cqW0A\/tr:w-750\"\n\t>\n\t<\/figure>\n\n<div class=\"wp-block-group alignfull post-details is-layout-flow wp-block-group-is-layout-flow\">\n\t\t\t<ul class=\"wp-block-post-terms\">\n\t\t\t<li>L\u00f8rdag 18. apr<\/li>\n\t\t\t<li>22:00 &#8211; 02:30<\/li>\n\t\t<\/ul>\n\t\t\n\t\n<div class=\"t2-post-meta-text wp-block-t2-post-meta-text\" data-meta-key=\"resthon_event_place_name\"><span class=\"t2-post-meta-text__value\">O&#8217;Connor&#8217;s Irish Pub &#8211; Jessheim<\/span><\/div>\n\t<h2 class=\"t2-post-title wp-block-t2-post-title\">Livemusikk \/\/ Ole Martin<\/h2>\n<\/div>\n\n<\/a>\n<\/div>\n\t\t\t\t\t<div class=\"t2-featured-single-post t2-featured-content is-post-type-resthon_event wp-block-t2-featured-single-post\"><a class=\"t2-post-link wp-block-t2-post-link\" href=\"https:\/\/oconnors.stage.dekodes.no\/jessheim\/event\/livemusikk-kristian-xml0wcvmkk\/\">\n\t<div class=\"resthon-events-date wp-block-resthon-events-date\">\n\t\t<time datetime=\"2026-04-24T22:00:00\">\n\t\t\t<span>24<\/span>\n\t\t\t<span>apr<\/span>\n\t\t<\/time>\n\t<\/div>\n\t\n\n<figure style=\"--t2-focal-point: 50% 50%;\" class=\"t2-post-featured-image has-image-ratio-16-9 wp-block-t2-post-featured-image\">\t<img\n\t\talt=\"Livemusikk \/\/ Kristian\"\n\t\tloading=\"lazy\"\n\t\tsrc=\"https:\/\/img.broadcastapp.no\/venues\/event_GGJdVV7-n\/tr:w-750\"\n\t>\n\t<\/figure>\n\n<div class=\"wp-block-group alignfull post-details is-layout-flow wp-block-group-is-layout-flow\">\n\t\t\t<ul class=\"wp-block-post-terms\">\n\t\t\t<li>Fredag 24. apr<\/li>\n\t\t\t<li>22:00 &#8211; 02:30<\/li>\n\t\t<\/ul>\n\t\t\n\t\n<div class=\"t2-post-meta-text wp-block-t2-post-meta-text\" data-meta-key=\"resthon_event_place_name\"><span class=\"t2-post-meta-text__value\">O&#8217;Connor&#8217;s Irish Pub &#8211; Jessheim<\/span><\/div>\n\t<h2 class=\"t2-post-title wp-block-t2-post-title\">Livemusikk \/\/ Kristian<\/h2>\n<\/div>\n\n<\/a>\n<\/div>\n\t\t\t\t\t<div class=\"t2-featured-single-post t2-featured-content is-post-type-resthon_event wp-block-t2-featured-single-post\"><a class=\"t2-post-link wp-block-t2-post-link\" href=\"https:\/\/oconnors.stage.dekodes.no\/jessheim\/event\/livemusikk-kristian-5kuucd5cjh\/\">\n\t<div class=\"resthon-events-date wp-block-resthon-events-date\">\n\t\t<time datetime=\"2026-04-25T22:00:00\">\n\t\t\t<span>25<\/span>\n\t\t\t<span>apr<\/span>\n\t\t<\/time>\n\t<\/div>\n\t\n\n<figure style=\"--t2-focal-point: 50% 50%;\" class=\"t2-post-featured-image has-image-ratio-16-9 wp-block-t2-post-featured-image\">\t<img\n\t\talt=\"Livemusikk \/\/ Kristian\"\n\t\tloading=\"lazy\"\n\t\tsrc=\"https:\/\/img.broadcastapp.no\/venues\/event_GGJdVV7-n\/tr:w-750\"\n\t>\n\t<\/figure>\n\n<div class=\"wp-block-group alignfull post-details is-layout-flow wp-block-group-is-layout-flow\">\n\t\t\t<ul class=\"wp-block-post-terms\">\n\t\t\t<li>L\u00f8rdag 25. apr<\/li>\n\t\t\t<li>22:00 &#8211; 02:30<\/li>\n\t\t<\/ul>\n\t\t\n\t\n<div class=\"t2-post-meta-text wp-block-t2-post-meta-text\" data-meta-key=\"resthon_event_place_name\"><span class=\"t2-post-meta-text__value\">O&#8217;Connor&#8217;s Irish Pub &#8211; Jessheim<\/span><\/div>\n\t<h2 class=\"t2-post-title wp-block-t2-post-title\">Livemusikk \/\/ Kristian<\/h2>\n<\/div>\n\n<\/a>\n<\/div>\n\t\t\t\t\t<div class=\"t2-featured-single-post t2-featured-content is-post-type-resthon_event wp-block-t2-featured-single-post\"><a class=\"t2-post-link wp-block-t2-post-link\" href=\"https:\/\/oconnors.stage.dekodes.no\/jessheim\/event\/livemusikk-rj-davis-wuabrse0ve\/\">\n\t<div class=\"resthon-events-date wp-block-resthon-events-date\">\n\t\t<time datetime=\"2026-05-01T22:00:00\">\n\t\t\t<span>01<\/span>\n\t\t\t<span>mai<\/span>\n\t\t<\/time>\n\t<\/div>\n\t\n\n<figure style=\"--t2-focal-point: 50% 50%;\" class=\"t2-post-featured-image has-image-ratio-16-9 wp-block-t2-post-featured-image\">\t<img\n\t\talt=\"Livemusikk \/\/ RJ Davis\"\n\t\tloading=\"lazy\"\n\t\tsrc=\"https:\/\/img.broadcastapp.no\/venues\/event_t88oGCrBf\/tr:w-750\"\n\t>\n\t<\/figure>\n\n<div class=\"wp-block-group alignfull post-details is-layout-flow wp-block-group-is-layout-flow\">\n\t\t\t<ul class=\"wp-block-post-terms\">\n\t\t\t<li>Fredag 01. mai<\/li>\n\t\t\t<li>22:00 &#8211; 02:30<\/li>\n\t\t<\/ul>\n\t\t\n\t\n<div class=\"t2-post-meta-text wp-block-t2-post-meta-text\" data-meta-key=\"resthon_event_place_name\"><span class=\"t2-post-meta-text__value\">O&#8217;Connor&#8217;s Irish Pub &#8211; Jessheim<\/span><\/div>\n\t<h2 class=\"t2-post-title wp-block-t2-post-title\">Livemusikk \/\/ RJ Davis<\/h2>\n<\/div>\n\n<\/a>\n<\/div>\n\t\t\t\t\t<div class=\"t2-featured-single-post t2-featured-content is-post-type-resthon_event wp-block-t2-featured-single-post\"><a class=\"t2-post-link wp-block-t2-post-link\" href=\"https:\/\/oconnors.stage.dekodes.no\/jessheim\/event\/livemusikk-rj-davis-2v5fn7tbxf\/\">\n\t<div class=\"resthon-events-date wp-block-resthon-events-date\">\n\t\t<time datetime=\"2026-05-02T22:00:00\">\n\t\t\t<span>02<\/span>\n\t\t\t<span>mai<\/span>\n\t\t<\/time>\n\t<\/div>\n\t\n\n<figure style=\"--t2-focal-point: 50% 50%;\" class=\"t2-post-featured-image has-image-ratio-16-9 wp-block-t2-post-featured-image\">\t<img\n\t\talt=\"Livemusikk \/\/ RJ Davis\"\n\t\tloading=\"lazy\"\n\t\tsrc=\"https:\/\/img.broadcastapp.no\/venues\/event_t88oGCrBf\/tr:w-750\"\n\t>\n\t<\/figure>\n\n<div class=\"wp-block-group alignfull post-details is-layout-flow wp-block-group-is-layout-flow\">\n\t\t\t<ul class=\"wp-block-post-terms\">\n\t\t\t<li>L\u00f8rdag 02. mai<\/li>\n\t\t\t<li>22:00 &#8211; 02:30<\/li>\n\t\t<\/ul>\n\t\t\n\t\n<div class=\"t2-post-meta-text wp-block-t2-post-meta-text\" data-meta-key=\"resthon_event_place_name\"><span class=\"t2-post-meta-text__value\">O&#8217;Connor&#8217;s Irish Pub &#8211; Jessheim<\/span><\/div>\n\t<h2 class=\"t2-post-title wp-block-t2-post-title\">Livemusikk \/\/ RJ Davis<\/h2>\n<\/div>\n\n<\/a>\n<\/div>\n\t\t\t\t\t<div class=\"t2-featured-single-post t2-featured-content is-post-type-resthon_event wp-block-t2-featured-single-post\"><a class=\"t2-post-link wp-block-t2-post-link\" href=\"https:\/\/oconnors.stage.dekodes.no\/jessheim\/event\/livemusikkbingo-med-supergeir-v1tt7atu4u\/\">\n\t<div class=\"resthon-events-date wp-block-resthon-events-date\">\n\t\t<time datetime=\"2026-05-06T19:00:00\">\n\t\t\t<span>06<\/span>\n\t\t\t<span>mai<\/span>\n\t\t<\/time>\n\t<\/div>\n\t\n\n<figure style=\"--t2-focal-point: 50% 50%;\" class=\"t2-post-featured-image has-image-ratio-16-9 wp-block-t2-post-featured-image\">\t<img\n\t\talt=\"Livemusikkbingo med SuperGeir\"\n\t\tloading=\"lazy\"\n\t\tsrc=\"https:\/\/img.broadcastapp.no\/venues\/abcdefg_SnPkc3MI7\/tr:w-750\"\n\t>\n\t<\/figure>\n\n<div class=\"wp-block-group alignfull post-details is-layout-flow wp-block-group-is-layout-flow\">\n\t\t\t<ul class=\"wp-block-post-terms\">\n\t\t\t<li>Onsdag 06. mai<\/li>\n\t\t\t<li>19:00 &#8211; 21:00<\/li>\n\t\t<\/ul>\n\t\t\n\t\n<div class=\"t2-post-meta-text wp-block-t2-post-meta-text\" data-meta-key=\"resthon_event_place_name\"><span class=\"t2-post-meta-text__value\">O&#8217;Connor&#8217;s Irish Pub &#8211; Jessheim<\/span><\/div>\n\t<h2 class=\"t2-post-title wp-block-t2-post-title\">Livemusikkbingo med SuperGeir<\/h2>\n<\/div>\n\n<\/a>\n<\/div>\n\t\t\t\t\t<div class=\"t2-featured-single-post t2-featured-content is-post-type-resthon_event wp-block-t2-featured-single-post\"><a class=\"t2-post-link wp-block-t2-post-link\" href=\"https:\/\/oconnors.stage.dekodes.no\/jessheim\/event\/livemusikk-mike-ak7mujaqtq\/\">\n\t<div class=\"resthon-events-date wp-block-resthon-events-date\">\n\t\t<time datetime=\"2026-05-08T22:00:00\">\n\t\t\t<span>08<\/span>\n\t\t\t<span>mai<\/span>\n\t\t<\/time>\n\t<\/div>\n\t\n\n<figure style=\"--t2-focal-point: 50% 50%;\" class=\"t2-post-featured-image has-image-ratio-16-9 wp-block-t2-post-featured-image\">\t<img\n\t\talt=\"Livemusikk \/\/ Mike\"\n\t\tloading=\"lazy\"\n\t\tsrc=\"https:\/\/img.broadcastapp.no\/venues\/event_xbaDdDV19\/tr:w-750\"\n\t>\n\t<\/figure>\n\n<div class=\"wp-block-group alignfull post-details is-layout-flow wp-block-group-is-layout-flow\">\n\t\t\t<ul class=\"wp-block-post-terms\">\n\t\t\t<li>Fredag 08. mai<\/li>\n\t\t\t<li>22:00 &#8211; 02:30<\/li>\n\t\t<\/ul>\n\t\t\n\t\n<div class=\"t2-post-meta-text wp-block-t2-post-meta-text\" data-meta-key=\"resthon_event_place_name\"><span class=\"t2-post-meta-text__value\">O&#8217;Connor&#8217;s Irish Pub &#8211; Jessheim<\/span><\/div>\n\t<h2 class=\"t2-post-title wp-block-t2-post-title\">Livemusikk \/\/ Mike<\/h2>\n<\/div>\n\n<\/a>\n<\/div>\n\t\t\t\t\t<div class=\"t2-featured-single-post t2-featured-content is-post-type-resthon_event wp-block-t2-featured-single-post\"><a class=\"t2-post-link wp-block-t2-post-link\" href=\"https:\/\/oconnors.stage.dekodes.no\/jessheim\/event\/livemusikk-mike-qgpa2pklu3\/\">\n\t<div class=\"resthon-events-date wp-block-resthon-events-date\">\n\t\t<time datetime=\"2026-05-09T22:00:00\">\n\t\t\t<span>09<\/span>\n\t\t\t<span>mai<\/span>\n\t\t<\/time>\n\t<\/div>\n\t\n\n<figure style=\"--t2-focal-point: 50% 50%;\" class=\"t2-post-featured-image has-image-ratio-16-9 wp-block-t2-post-featured-image\">\t<img\n\t\talt=\"Livemusikk \/\/ Mike\"\n\t\tloading=\"lazy\"\n\t\tsrc=\"https:\/\/img.broadcastapp.no\/venues\/event_xbaDdDV19\/tr:w-750\"\n\t>\n\t<\/figure>\n\n<div class=\"wp-block-group alignfull post-details is-layout-flow wp-block-group-is-layout-flow\">\n\t\t\t<ul class=\"wp-block-post-terms\">\n\t\t\t<li>L\u00f8rdag 09. mai<\/li>\n\t\t\t<li>22:00 &#8211; 02:30<\/li>\n\t\t<\/ul>\n\t\t\n\t\n<div class=\"t2-post-meta-text wp-block-t2-post-meta-text\" data-meta-key=\"resthon_event_place_name\"><span class=\"t2-post-meta-text__value\">O&#8217;Connor&#8217;s Irish Pub &#8211; Jessheim<\/span><\/div>\n\t<h2 class=\"t2-post-title wp-block-t2-post-title\">Livemusikk \/\/ Mike<\/h2>\n<\/div>\n\n<\/a>\n<\/div>\n\t\t\t\t\t<div class=\"t2-featured-single-post t2-featured-content is-post-type-resthon_event wp-block-t2-featured-single-post\"><a class=\"t2-post-link wp-block-t2-post-link\" href=\"https:\/\/oconnors.stage.dekodes.no\/jessheim\/event\/livemusikk-jan-htsfzcpydq\/\">\n\t<div class=\"resthon-events-date wp-block-resthon-events-date\">\n\t\t<time datetime=\"2026-05-15T22:00:00\">\n\t\t\t<span>15<\/span>\n\t\t\t<span>mai<\/span>\n\t\t<\/time>\n\t<\/div>\n\t\n\n<figure style=\"--t2-focal-point: 50% 50%;\" class=\"t2-post-featured-image has-image-ratio-16-9 wp-block-t2-post-featured-image\">\t<img\n\t\talt=\"Livemusikk \/\/ Jan\"\n\t\tloading=\"lazy\"\n\t\tsrc=\"https:\/\/img.broadcastapp.no\/venues\/abcdefg_jpRHaxf1a\/tr:w-750\"\n\t>\n\t<\/figure>\n\n<div class=\"wp-block-group alignfull post-details is-layout-flow wp-block-group-is-layout-flow\">\n\t\t\t<ul class=\"wp-block-post-terms\">\n\t\t\t<li>Fredag 15. mai<\/li>\n\t\t\t<li>22:00 &#8211; 02:30<\/li>\n\t\t<\/ul>\n\t\t\n\t\n<div class=\"t2-post-meta-text wp-block-t2-post-meta-text\" data-meta-key=\"resthon_event_place_name\"><span class=\"t2-post-meta-text__value\">O&#8217;Connor&#8217;s Irish Pub &#8211; Jessheim<\/span><\/div>\n\t<h2 class=\"t2-post-title wp-block-t2-post-title\">Livemusikk \/\/ Jan<\/h2>\n<\/div>\n\n<\/a>\n<\/div>\n\t\t\t\t\t<div class=\"t2-featured-single-post t2-featured-content is-post-type-resthon_event wp-block-t2-featured-single-post\"><a class=\"t2-post-link wp-block-t2-post-link\" href=\"https:\/\/oconnors.stage.dekodes.no\/jessheim\/event\/livemusikk-jan-pjqu54b4sd\/\">\n\t<div class=\"resthon-events-date wp-block-resthon-events-date\">\n\t\t<time datetime=\"2026-05-16T22:00:00\">\n\t\t\t<span>16<\/span>\n\t\t\t<span>mai<\/span>\n\t\t<\/time>\n\t<\/div>\n\t\n\n<figure style=\"--t2-focal-point: 50% 50%;\" class=\"t2-post-featured-image has-image-ratio-16-9 wp-block-t2-post-featured-image\">\t<img\n\t\talt=\"Livemusikk \/\/ Jan\"\n\t\tloading=\"lazy\"\n\t\tsrc=\"https:\/\/img.broadcastapp.no\/venues\/abcdefg_jpRHaxf1a\/tr:w-750\"\n\t>\n\t<\/figure>\n\n<div class=\"wp-block-group alignfull post-details is-layout-flow wp-block-group-is-layout-flow\">\n\t\t\t<ul class=\"wp-block-post-terms\">\n\t\t\t<li>L\u00f8rdag 16. mai<\/li>\n\t\t\t<li>22:00 &#8211; 02:30<\/li>\n\t\t<\/ul>\n\t\t\n\t\n<div class=\"t2-post-meta-text wp-block-t2-post-meta-text\" data-meta-key=\"resthon_event_place_name\"><span class=\"t2-post-meta-text__value\">O&#8217;Connor&#8217;s Irish Pub &#8211; Jessheim<\/span><\/div>\n\t<h2 class=\"t2-post-title wp-block-t2-post-title\">Livemusikk \/\/ Jan<\/h2>\n<\/div>\n\n<\/a>\n<\/div>\n\t\t\t\t\t<div class=\"t2-featured-single-post t2-featured-content is-post-type-resthon_event wp-block-t2-featured-single-post\"><a class=\"t2-post-link wp-block-t2-post-link\" href=\"https:\/\/oconnors.stage.dekodes.no\/jessheim\/event\/livemusikk-ken-lyngfoss-tf1mnoz7ae\/\">\n\t<div class=\"resthon-events-date wp-block-resthon-events-date\">\n\t\t<time datetime=\"2026-05-22T22:00:00\">\n\t\t\t<span>22<\/span>\n\t\t\t<span>mai<\/span>\n\t\t<\/time>\n\t<\/div>\n\t\n\n<figure style=\"--t2-focal-point: 50% 50%;\" class=\"t2-post-featured-image has-image-ratio-16-9 wp-block-t2-post-featured-image\">\t<img\n\t\talt=\"Livemusikk \/\/ Ken Lyngfoss\"\n\t\tloading=\"lazy\"\n\t\tsrc=\"https:\/\/img.broadcastapp.no\/venues\/abcdefg_rc5CQdvH8\/tr:w-750\"\n\t>\n\t<\/figure>\n\n<div class=\"wp-block-group alignfull post-details is-layout-flow wp-block-group-is-layout-flow\">\n\t\t\t<ul class=\"wp-block-post-terms\">\n\t\t\t<li>Fredag 22. mai<\/li>\n\t\t\t<li>22:00 &#8211; 02:30<\/li>\n\t\t<\/ul>\n\t\t\n\t\n<div class=\"t2-post-meta-text wp-block-t2-post-meta-text\" data-meta-key=\"resthon_event_place_name\"><span class=\"t2-post-meta-text__value\">O&#8217;Connor&#8217;s Irish Pub &#8211; Jessheim<\/span><\/div>\n\t<h2 class=\"t2-post-title wp-block-t2-post-title\">Livemusikk \/\/ Ken Lyngfoss<\/h2>\n<\/div>\n\n<\/a>\n<\/div>\n\t\t\t\t\t<div class=\"t2-featured-single-post t2-featured-content is-post-type-resthon_event wp-block-t2-featured-single-post\"><a class=\"t2-post-link wp-block-t2-post-link\" href=\"https:\/\/oconnors.stage.dekodes.no\/jessheim\/event\/livemusikk-ken-lyngfoss-3jagp65vaz\/\">\n\t<div class=\"resthon-events-date wp-block-resthon-events-date\">\n\t\t<time datetime=\"2026-05-23T22:00:00\">\n\t\t\t<span>23<\/span>\n\t\t\t<span>mai<\/span>\n\t\t<\/time>\n\t<\/div>\n\t\n\n<figure style=\"--t2-focal-point: 50% 50%;\" class=\"t2-post-featured-image has-image-ratio-16-9 wp-block-t2-post-featured-image\">\t<img\n\t\talt=\"Livemusikk \/\/ Ken Lyngfoss\"\n\t\tloading=\"lazy\"\n\t\tsrc=\"https:\/\/img.broadcastapp.no\/venues\/abcdefg_rc5CQdvH8\/tr:w-750\"\n\t>\n\t<\/figure>\n\n<div class=\"wp-block-group alignfull post-details is-layout-flow wp-block-group-is-layout-flow\">\n\t\t\t<ul class=\"wp-block-post-terms\">\n\t\t\t<li>L\u00f8rdag 23. mai<\/li>\n\t\t\t<li>22:00 &#8211; 02:30<\/li>\n\t\t<\/ul>\n\t\t\n\t\n<div class=\"t2-post-meta-text wp-block-t2-post-meta-text\" data-meta-key=\"resthon_event_place_name\"><span class=\"t2-post-meta-text__value\">O&#8217;Connor&#8217;s Irish Pub &#8211; Jessheim<\/span><\/div>\n\t<h2 class=\"t2-post-title wp-block-t2-post-title\">Livemusikk \/\/ Ken Lyngfoss<\/h2>\n<\/div>\n\n<\/a>\n<\/div>\n\t\t\t\t<\/div>\n\t\t\t\t\n\t\t<div class=\"wp-block-buttons is-content-justification-center is-layout-flex wp-container-core-buttons-is-layout-a89b3969 wp-block-buttons-is-layout-flex\">\n\t\t<div class=\"wp-block-button show-more\"><a href=\"javascript:void(0);\" class=\"wp-block-button__link wp-element-button\">Se mer<\/a><\/div>\n\t\t<\/div>\n\t\t\n\t\t\t<\/div>\n\t","protected":false},"excerpt":{"rendered":"<p>Livemusikk i Jessheim &#8211; hver fredag og l\u00f8rdag Hver fredag og l\u00f8rdag, 22:00, spiller v\u00e5re&#8230;<\/p>\n","protected":false},"author":11,"featured_media":0,"parent":13,"menu_order":0,"comment_status":"closed","ping_status":"closed","template":"","meta":{"_acf_changed":false,"editor_notices":[],"footnotes":""},"class_list":["post-164","page","type-page","status-publish","hentry"],"acf":[],"yoast_head":"<!-- This site is optimized with the Yoast SEO Premium plugin v27.3 (Yoast SEO v27.3) - https:\/\/yoast.com\/product\/yoast-seo-premium-wordpress\/ -->\n<title>Livemusikk - O&#039;Connors Jessheim<\/title>\n<meta name=\"description\" content=\"P\u00e5 O&#039;Connor&#039;s Jessheim f\u00e5r du, hver fredag og l\u00f8rdag, levert musikk fra de beste trubadurene i inn og utland. De starter 22:00, s\u00e5 kom innom!\" \/>\n<meta name=\"robots\" content=\"noindex, follow, max-snippet:-1, max-image-preview:large, max-video-preview:-1\" \/>\n<meta property=\"og:locale\" content=\"nb_NO\" \/>\n<meta property=\"og:type\" content=\"article\" \/>\n<meta property=\"og:title\" content=\"Livemusikk\" \/>\n<meta property=\"og:description\" content=\"P\u00e5 O&#039;Connor&#039;s Jessheim f\u00e5r du, hver fredag og l\u00f8rdag, levert musikk fra de beste trubadurene i inn og utland. De starter 22:00, s\u00e5 kom innom!\" \/>\n<meta property=\"og:url\" content=\"https:\/\/oconnors.stage.dekodes.no\/jessheim\/hva-skjer\/livemusikk\/\" \/>\n<meta property=\"og:site_name\" content=\"O&#039;Connors Jessheim\" \/>\n<meta property=\"article:modified_time\" content=\"2025-10-16T12:29:01+00:00\" \/>\n<meta name=\"twitter:card\" content=\"summary_large_image\" \/>\n<meta name=\"twitter:label1\" content=\"Ansl. lesetid\" \/>\n\t<meta name=\"twitter:data1\" content=\"1 minutt\" \/>\n<script type=\"application\/ld+json\" class=\"yoast-schema-graph\">{\"@context\":\"https:\\\/\\\/schema.org\",\"@graph\":[{\"@type\":\"WebPage\",\"@id\":\"https:\\\/\\\/oconnors.stage.dekodes.no\\\/jessheim\\\/hva-skjer\\\/livemusikk\\\/\",\"url\":\"https:\\\/\\\/oconnors.stage.dekodes.no\\\/jessheim\\\/hva-skjer\\\/livemusikk\\\/\",\"name\":\"Livemusikk - O&#039;Connors Jessheim\",\"isPartOf\":{\"@id\":\"https:\\\/\\\/oconnors.stage.dekodes.no\\\/jessheim\\\/#website\"},\"datePublished\":\"2025-09-15T08:22:42+00:00\",\"dateModified\":\"2025-10-16T12:29:01+00:00\",\"description\":\"P\u00e5 O'Connor's Jessheim f\u00e5r du, hver fredag og l\u00f8rdag, levert musikk fra de beste trubadurene i inn og utland. De starter 22:00, s\u00e5 kom innom!\",\"breadcrumb\":{\"@id\":\"https:\\\/\\\/oconnors.stage.dekodes.no\\\/jessheim\\\/hva-skjer\\\/livemusikk\\\/#breadcrumb\"},\"inLanguage\":\"nb-NO\",\"potentialAction\":[{\"@type\":\"ReadAction\",\"target\":[\"https:\\\/\\\/oconnors.stage.dekodes.no\\\/jessheim\\\/hva-skjer\\\/livemusikk\\\/\"]}]},{\"@type\":\"BreadcrumbList\",\"@id\":\"https:\\\/\\\/oconnors.stage.dekodes.no\\\/jessheim\\\/hva-skjer\\\/livemusikk\\\/#breadcrumb\",\"itemListElement\":[{\"@type\":\"ListItem\",\"position\":1,\"name\":\"Hjem\",\"item\":\"https:\\\/\\\/oconnors.stage.dekodes.no\\\/jessheim\\\/\"},{\"@type\":\"ListItem\",\"position\":2,\"name\":\"Hva skjer\",\"item\":\"https:\\\/\\\/oconnors.stage.dekodes.no\\\/jessheim\\\/hva-skjer\\\/\"},{\"@type\":\"ListItem\",\"position\":3,\"name\":\"Livemusikk\"}]},{\"@type\":\"WebSite\",\"@id\":\"https:\\\/\\\/oconnors.stage.dekodes.no\\\/jessheim\\\/#website\",\"url\":\"https:\\\/\\\/oconnors.stage.dekodes.no\\\/jessheim\\\/\",\"name\":\"O&#039;Connors Jessheim\",\"description\":\"\",\"potentialAction\":[{\"@type\":\"SearchAction\",\"target\":{\"@type\":\"EntryPoint\",\"urlTemplate\":\"https:\\\/\\\/oconnors.stage.dekodes.no\\\/jessheim\\\/?s={search_term_string}\"},\"query-input\":{\"@type\":\"PropertyValueSpecification\",\"valueRequired\":true,\"valueName\":\"search_term_string\"}}],\"inLanguage\":\"nb-NO\"}]}<\/script>\n<!-- \/ Yoast SEO Premium plugin. -->","yoast_head_json":{"title":"Livemusikk - O&#039;Connors Jessheim","description":"P\u00e5 O'Connor's Jessheim f\u00e5r du, hver fredag og l\u00f8rdag, levert musikk fra de beste trubadurene i inn og utland. De starter 22:00, s\u00e5 kom innom!","robots":{"index":"noindex","follow":"follow","max-snippet":"max-snippet:-1","max-image-preview":"max-image-preview:large","max-video-preview":"max-video-preview:-1"},"og_locale":"nb_NO","og_type":"article","og_title":"Livemusikk","og_description":"P\u00e5 O'Connor's Jessheim f\u00e5r du, hver fredag og l\u00f8rdag, levert musikk fra de beste trubadurene i inn og utland. De starter 22:00, s\u00e5 kom innom!","og_url":"https:\/\/oconnors.stage.dekodes.no\/jessheim\/hva-skjer\/livemusikk\/","og_site_name":"O&#039;Connors Jessheim","article_modified_time":"2025-10-16T12:29:01+00:00","twitter_card":"summary_large_image","twitter_misc":{"Ansl. lesetid":"1 minutt"},"schema":{"@context":"https:\/\/schema.org","@graph":[{"@type":"WebPage","@id":"https:\/\/oconnors.stage.dekodes.no\/jessheim\/hva-skjer\/livemusikk\/","url":"https:\/\/oconnors.stage.dekodes.no\/jessheim\/hva-skjer\/livemusikk\/","name":"Livemusikk - O&#039;Connors Jessheim","isPartOf":{"@id":"https:\/\/oconnors.stage.dekodes.no\/jessheim\/#website"},"datePublished":"2025-09-15T08:22:42+00:00","dateModified":"2025-10-16T12:29:01+00:00","description":"P\u00e5 O'Connor's Jessheim f\u00e5r du, hver fredag og l\u00f8rdag, levert musikk fra de beste trubadurene i inn og utland. De starter 22:00, s\u00e5 kom innom!","breadcrumb":{"@id":"https:\/\/oconnors.stage.dekodes.no\/jessheim\/hva-skjer\/livemusikk\/#breadcrumb"},"inLanguage":"nb-NO","potentialAction":[{"@type":"ReadAction","target":["https:\/\/oconnors.stage.dekodes.no\/jessheim\/hva-skjer\/livemusikk\/"]}]},{"@type":"BreadcrumbList","@id":"https:\/\/oconnors.stage.dekodes.no\/jessheim\/hva-skjer\/livemusikk\/#breadcrumb","itemListElement":[{"@type":"ListItem","position":1,"name":"Hjem","item":"https:\/\/oconnors.stage.dekodes.no\/jessheim\/"},{"@type":"ListItem","position":2,"name":"Hva skjer","item":"https:\/\/oconnors.stage.dekodes.no\/jessheim\/hva-skjer\/"},{"@type":"ListItem","position":3,"name":"Livemusikk"}]},{"@type":"WebSite","@id":"https:\/\/oconnors.stage.dekodes.no\/jessheim\/#website","url":"https:\/\/oconnors.stage.dekodes.no\/jessheim\/","name":"O&#039;Connors Jessheim","description":"","potentialAction":[{"@type":"SearchAction","target":{"@type":"EntryPoint","urlTemplate":"https:\/\/oconnors.stage.dekodes.no\/jessheim\/?s={search_term_string}"},"query-input":{"@type":"PropertyValueSpecification","valueRequired":true,"valueName":"search_term_string"}}],"inLanguage":"nb-NO"}]}},"_links":{"self":[{"href":"https:\/\/oconnors.stage.dekodes.no\/jessheim\/wp-json\/wp\/v2\/pages\/164","targetHints":{"allow":["GET"]}}],"collection":[{"href":"https:\/\/oconnors.stage.dekodes.no\/jessheim\/wp-json\/wp\/v2\/pages"}],"about":[{"href":"https:\/\/oconnors.stage.dekodes.no\/jessheim\/wp-json\/wp\/v2\/types\/page"}],"author":[{"embeddable":true,"href":"https:\/\/oconnors.stage.dekodes.no\/jessheim\/wp-json\/wp\/v2\/users\/11"}],"replies":[{"embeddable":true,"href":"https:\/\/oconnors.stage.dekodes.no\/jessheim\/wp-json\/wp\/v2\/comments?post=164"}],"version-history":[{"count":5,"href":"https:\/\/oconnors.stage.dekodes.no\/jessheim\/wp-json\/wp\/v2\/pages\/164\/revisions"}],"predecessor-version":[{"id":384,"href":"https:\/\/oconnors.stage.dekodes.no\/jessheim\/wp-json\/wp\/v2\/pages\/164\/revisions\/384"}],"up":[{"embeddable":true,"href":"https:\/\/oconnors.stage.dekodes.no\/jessheim\/wp-json\/wp\/v2\/pages\/13"}],"wp:attachment":[{"href":"https:\/\/oconnors.stage.dekodes.no\/jessheim\/wp-json\/wp\/v2\/media?parent=164"}],"curies":[{"name":"wp","href":"https:\/\/api.w.org\/{rel}","templated":true}]}}